{"id":134,"date":"2020-08-16T20:09:40","date_gmt":"2020-08-16T20:09:40","guid":{"rendered":"http:\/\/kt43.koeln\/?page_id=134"},"modified":"2022-01-05T15:35:58","modified_gmt":"2022-01-05T15:35:58","slug":"deutsches-sportabzeichen","status":"publish","type":"page","link":"https:\/\/kt43.koeln\/?page_id=134","title":{"rendered":"Deutsches Sportabzeichen"},"content":{"rendered":"<p><b><strong>Tag des Deutschen Sportabzeichens 2022<\/strong><\/b><\/p>\n<p>Der &#8222;Tag des Deutschen Sportabzeichens&#8220; ist f\u00fcr Juni in Planung. Der Termin wird rechtzeitig auf unserer Startseite unter www.KT43.Koeln bekannt gegeben.<\/p>\n<p>Dar\u00fcber hinaus besteht bis auf Weiteres keine M\u00f6glichkeit, sich bei uns auf eine Sportabzeichenabnahme vorzubereiten. Auch eine Abhnahme des Deutschen Sportabzeichens kann von uns zur Zeit leider nicht angeboten werde.<\/p>\n<p><strong>Sportabzeichen ohne gesundheitliches Risiko<\/strong><\/p>\n<p>Gehen Sie verantwortungsvoll mit Ihrer Gesundheit um! Bei den hohen und ungewohnten Belastungen, die das Sportabzeichen Ihnen abverlangt, k\u00f6nnen Verletzungen oder \u00dcberlastungssch\u00e4den an Muskeln und Gelenken auftreten. Vorerkrankungen wie Arthrose oder R\u00fcckenbeschwerden k\u00f6nnen sich verschlimmern. Bei \u00e4lteren Neu- oder Wiedereinsteigern besteht ein erh\u00f6htes Risiko f\u00fcr Herz- und Kreislauferkrankungen. Wir empfehlen Ihnen, das Merkblatt &#8222;Sportabzeichen ohne gesundheitliches Risiko&#8220; des Landessportbundes NRW zu lesen.<\/p>\n<p>Das Merkblatt des Landessportbundes NRW finden Sie <a href=\"https:\/\/www.lsb.nrw\/fileadmin\/global\/media\/Downloadcenter\/Sportabzeichen\/D_S_A_Merkblatt_Gesundheit.pdf\"> <u> hier<\/u><\/a> &#8230;<\/p>\n","protected":false},"excerpt":{"rendered":"<p>Tag des Deutschen Sportabzeichens 2022 Der &#8222;Tag des Deutschen Sportabzeichens&#8220; ist f\u00fcr Juni in Planung. Der Termin wird rechtzeitig auf unserer Startseite unter www.KT43.Koeln bekannt gegeben. Dar\u00fcber hinaus besteht bis auf Weiteres keine M\u00f6glichkeit, sich bei uns auf eine Sportabzeichenabnahme &hellip; <a href=\"https:\/\/kt43.koeln\/?page_id=134\">Weiterlesen <span class=\"meta-nav\">&rarr;<\/span><\/a><\/p>\n","protected":false},"author":1,"featured_media":0,"parent":0,"menu_order":0,"comment_status":"closed","ping_status":"closed","template":"","meta":{"footnotes":""},"class_list":["post-134","page","type-page","status-publish","hentry"],"_links":{"self":[{"href":"https:\/\/kt43.koeln\/index.php?rest_route=\/wp\/v2\/pages\/134","targetHints":{"allow":["GET"]}}],"collection":[{"href":"https:\/\/kt43.koeln\/index.php?rest_route=\/wp\/v2\/pages"}],"about":[{"href":"https:\/\/kt43.koeln\/index.php?rest_route=\/wp\/v2\/types\/page"}],"author":[{"embeddable":true,"href":"https:\/\/kt43.koeln\/index.php?rest_route=\/wp\/v2\/users\/1"}],"replies":[{"embeddable":true,"href":"https:\/\/kt43.koeln\/index.php?rest_route=%2Fwp%2Fv2%2Fcomments&post=134"}],"version-history":[{"count":8,"href":"https:\/\/kt43.koeln\/index.php?rest_route=\/wp\/v2\/pages\/134\/revisions"}],"predecessor-version":[{"id":498,"href":"https:\/\/kt43.koeln\/index.php?rest_route=\/wp\/v2\/pages\/134\/revisions\/498"}],"wp:attachment":[{"href":"https:\/\/kt43.koeln\/index.php?rest_route=%2Fwp%2Fv2%2Fmedia&parent=134"}],"curies":[{"name":"wp","href":"https:\/\/api.w.org\/{rel}","templated":true}]}}