{"id":283,"date":"2020-08-26T15:16:01","date_gmt":"2020-08-26T15:16:01","guid":{"rendered":"http:\/\/kt43.koeln\/?page_id=283"},"modified":"2020-08-26T15:19:11","modified_gmt":"2020-08-26T15:19:11","slug":"willkommen","status":"publish","type":"page","link":"https:\/\/kt43.koeln\/?page_id=283","title":{"rendered":"Willkommen &#8230;"},"content":{"rendered":"<div class=\"entry-content\">\n<p><strong>&#8230; auf unserer neuen Webseite !<\/strong><\/p>\n<p>Diese entsteht hier nach und nach den n\u00e4chsten Wochen. Wir bitten um etwas Geduld.<\/p>\n<p>Wir w\u00fcrden uns aber freuen wenn ihr von Zeit zu Zeit vorbei schaut um zu sehen, was es mittlerweile Neues gibt.<\/p>\n<p>Unter <a href=\"http:\/\/www.kt43-175jahre.de\" target=\"_blank\" rel=\"noopener noreferrer\">KT43-175Jahre.de<\/a> k\u00f6nnt ihr schon mal auf unserer Jubil\u00e4umsseite st\u00f6bern.<\/p>\n<p>Viel Spa\u00df dabei !<\/p>\n<hr \/>\n<p>Gesch\u00e4ftstelle : Vogelsanger Stra\u00dfe 1, 50672 K\u00f6ln<br \/>\nTelefon \u2013 E-Mail: 0221 \/ 515261 \u2013 kt43@gmx.de<br \/>\nGesch\u00e4ftsf\u00fchrer: Gerd Wingert, Dipl. Sportlehrer<\/p>\n<\/div>\n","protected":false},"excerpt":{"rendered":"<p>&#8230; auf unserer neuen Webseite ! Diese entsteht hier nach und nach den n\u00e4chsten Wochen. Wir bitten um etwas Geduld. Wir w\u00fcrden uns aber freuen wenn ihr von Zeit zu Zeit vorbei schaut um zu sehen, was es mittlerweile Neues &hellip; <a href=\"https:\/\/kt43.koeln\/?page_id=283\">Weiterlesen <span class=\"meta-nav\">&rarr;<\/span><\/a><\/p>\n","protected":false},"author":1,"featured_media":0,"parent":0,"menu_order":0,"comment_status":"closed","ping_status":"closed","template":"","meta":{"footnotes":""},"class_list":["post-283","page","type-page","status-publish","hentry"],"_links":{"self":[{"href":"https:\/\/kt43.koeln\/index.php?rest_route=\/wp\/v2\/pages\/283","targetHints":{"allow":["GET"]}}],"collection":[{"href":"https:\/\/kt43.koeln\/index.php?rest_route=\/wp\/v2\/pages"}],"about":[{"href":"https:\/\/kt43.koeln\/index.php?rest_route=\/wp\/v2\/types\/page"}],"author":[{"embeddable":true,"href":"https:\/\/kt43.koeln\/index.php?rest_route=\/wp\/v2\/users\/1"}],"replies":[{"embeddable":true,"href":"https:\/\/kt43.koeln\/index.php?rest_route=%2Fwp%2Fv2%2Fcomments&post=283"}],"version-history":[{"count":3,"href":"https:\/\/kt43.koeln\/index.php?rest_route=\/wp\/v2\/pages\/283\/revisions"}],"predecessor-version":[{"id":288,"href":"https:\/\/kt43.koeln\/index.php?rest_route=\/wp\/v2\/pages\/283\/revisions\/288"}],"wp:attachment":[{"href":"https:\/\/kt43.koeln\/index.php?rest_route=%2Fwp%2Fv2%2Fmedia&parent=283"}],"curies":[{"name":"wp","href":"https:\/\/api.w.org\/{rel}","templated":true}]}}