{"id":83,"date":"2020-08-16T18:48:27","date_gmt":"2020-08-16T18:48:27","guid":{"rendered":"http:\/\/kt43.koeln\/?page_id=83"},"modified":"2022-01-05T15:22:08","modified_gmt":"2022-01-05T15:22:08","slug":"kurse","status":"publish","type":"page","link":"https:\/\/kt43.koeln\/?page_id=83","title":{"rendered":"Kursangebote"},"content":{"rendered":"<p><strong><span style=\"color: #ff0000;\">Gesundheit\/Pr\u00e4vention<\/span>:<\/strong><\/p>\n<p>Gymnastikhalle des Vereinszentrums der K\u00f6lner Turnerschaft<br \/>\nVogelsanger Stra\u00dfe 1, 50672 K\u00f6ln<\/p>\n<p><em><strong>Ausgleichsgymnastik\/R\u00fcckenfitness<\/strong><\/em><\/p>\n<p>50plus Mi. 9:45 &#8211; 11:00 Uhr<br \/>\nmit Gerd Wingert, Diplomsportlehrer und DVGS-R\u00fcckenschullehrer<br \/>\nGeb\u00fchr: Zehnerkarte<br \/>\nNichtmitglieder: EUR 40,&#8211;<\/p>\n<p><em><strong>Fitnessgymnastik\/R\u00fcckenfitness<\/strong><\/em><br \/>\n&#8212; jetzt auch als Kursangebot &#8212;<br \/>\nmit Gerd Wingert, Diplomsportlehrer und DVGS-R\u00fcckenschullehrer Do. 19:00 &#8211; 20:00 Uhr<br \/>\nGeb\u00fchr: Zehnerkarte<br \/>\nNichtmitglieder: EUR 40,&#8211;<\/p>\n<p><em><strong>Nordic Walking &#8211; Einsteigerkurs<\/strong><\/em><\/p>\n<p>mit Gerd Wingert, Nordic Walking Instructor Treffpunkt: Vereinszentrum, Vogelsanger Stra\u00dfe 1<br \/>\nSt\u00f6cke werden gestellt Anmeldung:<br \/>\nGeb\u00fchr: Interessenten melden sich bitte in der Gesch\u00e4ftsstelle!<br \/>\nVereinsmitglieder: EUR 40,&#8211; mail@kt43.de, (0221) 515261<br \/>\nNicht-Mitglieder: EUR 50,&#8211; Bitte K\u00f6rpergr\u00f6\u00dfe angeben (wegen der Stockl\u00e4nge)<\/p>\n<p><span style=\"color: #ff0000;\"><strong>Fitness:<\/strong><\/span><\/p>\n<p>Gymnastikhalle KT43: Vogelsangerstra\u00dfe 1 &#8211; 50672 K\u00f6ln<\/p>\n<p><em><strong>Aerobic und BOP\/K\u00f6rpertraining<\/strong><\/em><\/p>\n<p>Fortgeschrittene Do. 20:00 &#8211; 21:30 Uhr<br \/>\nmit Gerd Wingert, Diplomsportlehrer<br \/>\nGeb\u00fchr: Zehnerkarte<br \/>\nNichtmitglieder: EUR 50,&#8211;<\/p>\n","protected":false},"excerpt":{"rendered":"<p>Gesundheit\/Pr\u00e4vention: Gymnastikhalle des Vereinszentrums der K\u00f6lner Turnerschaft Vogelsanger Stra\u00dfe 1, 50672 K\u00f6ln Ausgleichsgymnastik\/R\u00fcckenfitness 50plus Mi. 9:45 &#8211; 11:00 Uhr mit Gerd Wingert, Diplomsportlehrer und DVGS-R\u00fcckenschullehrer Geb\u00fchr: Zehnerkarte Nichtmitglieder: EUR 40,&#8211; Fitnessgymnastik\/R\u00fcckenfitness &#8212; jetzt auch als Kursangebot &#8212; mit Gerd Wingert, &hellip; <a href=\"https:\/\/kt43.koeln\/?page_id=83\">Weiterlesen <span class=\"meta-nav\">&rarr;<\/span><\/a><\/p>\n","protected":false},"author":1,"featured_media":0,"parent":0,"menu_order":0,"comment_status":"closed","ping_status":"closed","template":"","meta":{"footnotes":""},"class_list":["post-83","page","type-page","status-publish","hentry"],"_links":{"self":[{"href":"https:\/\/kt43.koeln\/index.php?rest_route=\/wp\/v2\/pages\/83","targetHints":{"allow":["GET"]}}],"collection":[{"href":"https:\/\/kt43.koeln\/index.php?rest_route=\/wp\/v2\/pages"}],"about":[{"href":"https:\/\/kt43.koeln\/index.php?rest_route=\/wp\/v2\/types\/page"}],"author":[{"embeddable":true,"href":"https:\/\/kt43.koeln\/index.php?rest_route=\/wp\/v2\/users\/1"}],"replies":[{"embeddable":true,"href":"https:\/\/kt43.koeln\/index.php?rest_route=%2Fwp%2Fv2%2Fcomments&post=83"}],"version-history":[{"count":6,"href":"https:\/\/kt43.koeln\/index.php?rest_route=\/wp\/v2\/pages\/83\/revisions"}],"predecessor-version":[{"id":491,"href":"https:\/\/kt43.koeln\/index.php?rest_route=\/wp\/v2\/pages\/83\/revisions\/491"}],"wp:attachment":[{"href":"https:\/\/kt43.koeln\/index.php?rest_route=%2Fwp%2Fv2%2Fmedia&parent=83"}],"curies":[{"name":"wp","href":"https:\/\/api.w.org\/{rel}","templated":true}]}}